test common divisor of x and 128.
16
Let r(d) = d**2 - d + 3. Let p be r(0). What is the highest common divisor of p and 27?
3
Suppose -3*o - 3*d - 3 = -6*o, -4*d = 2*o - 2. What is the greatest common divisor of o and 8?
1
Let j(g) = g**2 + 10*g - 38. Let i be j(-14). What is the highest common divisor of 144 and i?
18
Let z = 481 + -169. Let o = z + -168. Calculate the greatest common divisor of 18 and o.
18
Suppose -2*i + 12 = 2*i. Suppose 3*p + 6 = i. Let l be (143/(-1))/(p + 0). What is the highest common divisor of 13 and l?
13
Let o(b) = -b**2 + 9*b + 3. Let q be (-1)/(-4) - 62/(-8). Let y be o(q). Let k = y + 5. Calculate the highest common factor of 16 and k.
16
Let f(b) = b. Let r(m) = -88*m + 1. Let p(s) = 6*f(s) - r(s). Let a be p(2). Calculate the greatest common divisor of 17 and a.
17
Let d be (-14)/(-4)*(3 + 1). Suppose -4*m - d = -2*c - 6, 2*c = m + 17. Calculate the greatest common factor of c and 15.
5
Let f(x) = 13*x**2 - 4*x - 3. Let n be f(-1). What is the greatest common factor of 21 and n?
7
Let d be ((-2)/3)/(10/(-1080)). Let j be 33/9 + (-4)/6. Suppose -1 = -j*x + 26. Calculate the greatest common divisor of x and d.
9
Suppose -2*c - 2 + 38 = 0. What is the greatest common divisor of 2 and c?
2
Suppose 15*i - 2145 = 2*i. What is the highest common factor of i and 33?
33
Let y be (5 - -19)*3/6. What is the greatest common factor of 8 and y?
4
Suppose 12*a - 70 - 398 = 0. Let d = 35 - 22. What is the highest common divisor of a and d?
13
Suppose 6*n - 23 = 205. Let p be (38/10)/(7/35). Calculate the greatest common divisor of p and n.
19
Suppose q - 64 = i + 21, 3*q + 2*i = 235. Suppose 26 = -0*t - t. Let l = -17 - t. Calculate the greatest common factor of q and l.
9
Suppose -4*w + w = -6. Let j be (0 - w) + 0 + 5. Suppose 5*u = j*s - 4*s + 8, -4*s = 4*u - 96. Calculate the greatest common factor of 70 and s.
14
Suppose 189 = -6*z + 9*z. Suppose -2*t + 57 = -z. What is the highest common divisor of t and 15?
15
Suppose 0 = -2*n - n + 147. Suppose 221 = o + n. Let c be 2/5 - o/(-20). Calculate the greatest common divisor of c and 6.
3
Let d be 0/10 - 4*1. Let r(j) = 2*j**2 + 4*j + 4. Let l be r(d). Calculate the greatest common divisor of 80 and l.
20
Suppose -10 = 3*j - 8*j. What is the highest common factor of j and 6?
2
Suppose 4*j = -4*p + 44, 5*j - 35 = -3*p + 2*p. Calculate the greatest common factor of 24 and j.
6
Suppose -2*o + 0*o + 39 = -5*p, -3*o = -p - 26. Calculate the highest common divisor of 21 and o.
7
Suppose -3*a + 2*a + 8 = 0. Calculate the greatest common divisor of 12 and a.
4
Let f = 39 - 9. What is the highest common factor of 45 and f?
15
Suppose -3*a + 432 = a. Let w = 12 - 0. What is the greatest common divisor of a and w?
12
Suppose 12*l + 138 = 15*l. Calculate the highest common factor of l and 115.
23
Suppose -4*j - 140 = -4*y, 3*y - j - 149 = -40. Calculate the highest common divisor of y and 296.
37
Suppose -4*x - 10 = -3*d + 10, 0 = d + x - 16. What is the highest common factor of 18 and d?
6
Let n(a) = -10*a - 35. Let g be n(-5). What is the highest common divisor of 5 and g?
5
Let t = 3 - 3. Suppose g - 3 - 1 = t. Suppose -44 - 52 = -g*z. Calculate the highest common divisor of 3 and z.
3
Let w = -97 - -153. Calculate the greatest common factor of 8 and w.
8
Let o = -30 + 51. Suppose -118 = -3*g + 134. Calculate the highest common factor of o and g.
21
Let c be 4 - 9/(18/(-8)). What is the highest common divisor of c and 20?
4
Let i = -13 + 15. Suppose 0 = -2*c - 1 - 1, -5*c = i*s - 93. Let p be 14/2*(-1 + 2). Calculate the highest common divisor of p and s.
7
Let l be 6/(-4) + 1380/8. Calculate the greatest common factor of 19 and l.
19
Let p be (5 + -6)/((-2)/72). What is the highest common factor of p and 18?
18
Suppose a = 5*d + 120, 580 = 4*a - 0*d + 5*d. Calculate the greatest common factor of 20 and a.
20
Let z(g) = -1 + 8*g + 0 + 3 - 3. Let h be z(2). Calculate the greatest common divisor of 6 and h.
3
Let a = -15 - -30. What is the highest common divisor of a and 105?
15
Let q(g) = g**3 - 7*g**2 + 7*g - 7. Let d be q(6). Let v(x) = x**2 - x - 1. Let f be v(d). Calculate the greatest common factor of 5 and f.
1
Let i be (2 - 3)*-1 - -1. Suppose 0 = 5*d - i*d - 3. Let y = 3 - d. Calculate the greatest common factor of 2 and y.
2
Suppose 0 = 4*u - 31 - 17. Suppose -125 + 119 = -3*q. Calculate the highest common factor of u and q.
2
Let v(p) = -14*p - 4. Suppose -4*w = 5*r + 7, 9*w - 4*w = -r - 14. Let k be v(w). Let t = 64 - k. What is the highest common factor of 39 and t?
13
Suppose 0 = -u - 3*n + 22, -66 = -u - 2*u + n. Calculate the greatest common divisor of u and 176.
22
Let p(y) = y**2 - 7*y + 4. Let f be p(5). Let n be (20/f)/(2/(-6)). Let o(a) = a**2 - 7*a + 4. Let i be o(7). What is the greatest common divisor of n and i?
2
Let s = 46 + -28. What is the greatest common divisor of s and 180?
18
Let w be -1*(-11 + (-4)/(-1)). Suppose -22 = -2*h - 3*u, 2*h = w*h - 5*u - 30. Calculate the greatest common factor of h and 8.
8
Suppose -2*z = -3*c + 24, -2*z = -4*c + z + 33. Calculate the greatest common factor of 24 and c.
6
Let f be 4/(-14) + (-2694)/(-21). Let m be (4/(-2))/(8/(-64)). Calculate the highest common divisor of f and m.
16
Suppose -175 = 20*g - 25*g. Suppose m - p + 5*p = 52, 2*p = 5*m - 370. Suppose -5*d + m - 2 = 0. Calculate the greatest common divisor of d and g.
7
Let i = 19 + 9. Let d(g) = 4*g - 2. Let k be d(2). Let l = k - 2. Calculate the greatest common divisor of l and i.
4
Let x be (-1)/((-56)/(-20) + -3). Let b = 23 - 38. Let z be 189/x - 3/b. What is the greatest common divisor of 57 and z?
19
Let d(p) = p**3 + 12*p**2 - 7*p + 4. Let b be d(-12). Calculate the highest common factor of 8 and b.
8
Suppose 4*f - 173 = 107. What is the greatest common factor of 10 and f?
10
Let i be (-92)/28 + 2/7. Let k(m) = m**2 - 4. Let d be k(i). Suppose 2*g + 3*t = 21, 2*t = -4*g + d*g - 14. Calculate the highest common divisor of g and 84.
12
Let r = -4 + 21. What is the highest common divisor of r and 136?
17
Let q = 43 - 16. Calculate the highest common factor of q and 3.
3
Let h be (1 + 15)/((-5)/((-15)/6)). Suppose -5*c = -c + 84. Let u be (c + 1)/(1 - 2). What is the highest common divisor of h and u?
4
Suppose 3*i - 777 = -g - 3*g, -g = -4*i - 180. What is the highest common factor of g and 24?
24
Suppose 2*v = -3 + 165. Let l(b) = -b**3 + 3*b**2 + b - 2. Let f be l(3). Let z(j) = 8*j + 1. Let n be z(f). What is the greatest common divisor of v and n?
9
Let x(h) = 17*h - 8. Let j(g) = -8*g + 4. Let i(f) = -5*j(f) - 2*x(f). Let k be i(3). Calculate the highest common factor of 56 and k.
14
Let u(q) = q**2 + 3*q - 7. Let h be u(-5). Suppose h = 3*x - 3. Suppose 1 = i - 2. What is the greatest common factor of x and i?
1
Suppose -3*g = -4*v + 3, 4*g - v = 2*g + 3. Suppose -5*r + 3*r - 3*p = -332, -g*r + 492 = 3*p. What is the highest common divisor of 64 and r?
32
Suppose 5*s - 5*x + 145 = 0, -3*s - 2*s = 2*x + 166. Let k be s/(-12)*(-135)/(-12). Calculate the greatest common factor of k and 75.
15
Let v = 6 - 2. Let w(c) = c**2 - 4*c + 5. Let t be w(v). Let r = -168 + 213. What is the highest common divisor of t and r?
5
Let h(t) be the third derivative of t**5/60 + t**3/3 - 4*t**2. Let v be h(-3). Calculate the highest common factor of v and 33.
11
Let i(j) = -j**2 + 6*j - 1. Let p be i(5). Let r = -1 - -3. Suppose -4*h + 28 = 4*w, -2 = p*h - 4*w + r*w. Calculate the highest common divisor of 8 and h.
2
Let r be 15/(-6) + 3 - (-129)/2. What is the greatest common divisor of r and 5?
5
Let y be (4 - (-10)/(-2)) + 43. Calculate the highest common divisor of 105 and y.
21
Let y be ((-324)/(-21))/(4/42). Calculate the greatest common factor of 108 and y.
54
Suppose 0 = 2*d + 8 - 16. Suppose -3*b + 370 = -2*k, -5*b + d*k = -k - 610. Calculate the highest common factor of b and 18.
18
Let y = -1 - -5. Calculate the highest common factor of 36 and y.
4
Let z = -6 + 8. Suppose -t + 75 = 3*i + z*t, -3*i = -4*t - 82. Let x be -3*39*(-4 - -2). Calculate the highest common factor of i and x.
26
Let z be 57*2*2/12. Suppose -2*y = -0*t + 4*t - 682, -4*t = y - 683. What is the greatest common divisor of t and z?
19
Let z be 76/(-8) - 1/2. Let u = -21 - z. Let c = -1 